git of 249181?
9
What is the units digit of 52311?
1
What is the units digit of 940988?
8
What is the tens digit of 3661997?
9
What is the units digit of 394396?
6
What is the hundreds digit of 15865266?
2
What is the units digit of 210638?
8
What is the hundred thousands digit of 1393544?
3
What is the millions digit of 12035486?
2
What is the units digit of 427227?
7
What is the tens digit of 8626625?
2
What is the units digit of 897715?
5
What is the ten thousands digit of 2421393?
2
What is the ten thousands digit of 273146?
7
What is the millions digit of 1061116?
1
What is the units digit of 1822256?
6
What is the hundred thousands digit of 588994?
5
What is the millions digit of 5042788?
5
What is the ten thousands digit of 674813?
7
What is the hundreds digit of 1269724?
7
What is the tens digit of 99688?
8
What is the thousands digit of 496062?
6
What is the tens digit of 297791?
9
What is the ten thousands digit of 11390293?
9
What is the units digit of 1345969?
9
What is the ten thousands digit of 4095422?
9
What is the ten thousands digit of 5422450?
2
What is the tens digit of 5831662?
6
What is the tens digit of 52554?
5
What is the units digit of 3748264?
4
What is the millions digit of 5024692?
5
What is the hundreds digit of 79281?
2
What is the ten thousands digit of 834337?
3
What is the hundreds digit of 488266?
2
What is the tens digit of 10475398?
9
What is the thousands digit of 118393?
8
What is the millions digit of 5127352?
5
What is the ten thousands digit of 3797811?
9
What is the tens digit of 183685?
8
What is the hundred thousands digit of 404032?
4
What is the ten thousands digit of 439505?
3
What is the thousands digit of 26151636?
1
What is the hundred thousands digit of 5885168?
8
What is the hundreds digit of 11448195?
1
What is the units digit of 332020?
0
What is the thousands digit of 920315?
0
What is the hundred thousands digit of 625192?
6
What is the units digit of 3919529?
9
What is the millions digit of 5541588?
5
What is the millions digit of 16633745?
6
What is the ten thousands digit of 53618?
5
What is the hundreds digit of 2853973?
9
What is the hundred thousands digit of 8066097?
0
What is the thousands digit of 3096327?
6
What is the thousands digit of 11590915?
0
What is the thousands digit of 9994632?
4
What is the hundred thousands digit of 3415893?
4
What is the units digit of 7423?
3
What is the units digit of 5400144?
4
What is the units digit of 5911740?
0
What is the hundred thousands digit of 12069772?
0
What is the thousands digit of 16193940?
3
What is the tens digit of 379153?
5
What is the ten thousands digit of 3008581?
0
What is the hundreds digit of 2589405?
4
What is the ten thousands digit of 1849821?
4
What is the hundred thousands digit of 136639?
1
What is the hundreds digit of 987478?
4
What is the hundred thousands digit of 3427772?
4
What is the tens digit of 326811?
1
What is the hundreds digit of 90956?
9
What is the units digit of 951701?
1
What is the hundreds digit of 1980839?
8
What is the thousands digit of 7513302?
3
What is the thousands digit of 8939306?
9
What is the ten thousands digit of 4750527?
5
What is the hundred thousands digit of 1186098?
1
What is the ten thousands digit of 581379?
8
What is the ten thousands digit of 892759?
9
What is the ten thousands digit of 258961?
5
What is the ten thousands digit of 327133?
2
What is the ten thousands digit of 197821?
9
What is the hundreds digit of 624188?
1
What is the hundred thousands digit of 1557362?
5
What is the units digit of 1190121?
1
What is the hundreds digit of 525996?
9
What is the thousands digit of 606854?
6
What is the hundred thousands digit of 549018?
5
What is the tens digit of 482823?
2
What is the ten thousands digit of 429464?
2
What is the hundred thousands digit of 110458?
1
What is the millions digit of 16907556?
6
What is the hundreds digit of 20133214?
2
What is the thousands digit of 6633080?
3
What is the thousands digit of 222203?
2
What is the tens digit of 217881?
8
What is the hundred thousands digit of 293596?
2
What is the hundred thousands digit of 2707919?
7
What is the hundreds digit of 9925651?
6
What is the tens digit of 117527?
2
What is the units digit of 135484?
4
What is the tens digit of 5219268?
6
What is the thousands digit of 17045?
7
What is the ten thousands digit of 481677?
8
What is the units digit of 22904334?
4
What is the hundred thousands digit of 7161799?
1
What is the tens digit of 1916251?
5
What is the hundreds digit of 224477?
4
What is the hundred thousands digit of 2609646?
6
What is the ten thousands digit of 409686?
0
What is the thousands digit of 560868?
0
What is the ten thousands digit of 1712599?
1
What is the hundred thousands digit of 181030?
1
What is the millions digit of 7848027?
7
What is the tens digit of 2995127?
2
What is the hundred thousands digit of 1757816?
7
What is the ten thousands digit of 531636?
3
What is the units digit of 170815?
5
What is the hundred thousands digit of 4384985?
3
What is the units digit of 63330?
0
What is the hundreds digit of 188019?
0
What is the units digit of 210424?
4
What is the ten thousands digit of 29725?
2
What is the ten thousands digit of 25436469?
3
What is the thousands digit of 6521778?
1
What is the hundreds digit of 4966824?
8
What is the ten thousands digit of 14084888?
8
What is the millions digit of 7930432?
7
What is the ten thousands digit of 586582?
8
What is the millions digit of 4844839?
4
What is the thousands digit of 39223?
9
What is the millions digit of 1284003?
1
What is the hundred thousands digit of 1355860?
3
What is the units digit of 873320?
0
What is the thousands digit of 372582?
2
What is the millions digit of 9944997?
9
What is the tens digit of 4410196?
9
What is the thousands digit of 2092905?
2
What is the hundred thousands digit of 452074?
4
What is the units digit of 310193?
3
What is the hundreds digit of 8327212?
2
What is the tens digit of 385698?
9
What is the ten thousands digit of 344342?
4
What is the ten thousands digit of 1424243?
2
What is the hundred thousands digit of 183549?
1
What is the hundreds digit of 1940525?
5
What is the thousands digit of 18984808?
4
What is the hundred thousands digit of 3070214?
0
What is the ten thousands digit of 14016428?
1
What is the units digit of 892990?
0
What is the ten thousands digit of 8544300?
4
What is the units digit of 60806?
6
What is the tens digit of 109321?
2
What is the thousands digit of 1630029?
0
What is the thousands digit of 4262359?
2
What is the hundreds digit of 1074419?
4
What is the hundred thousands digit of 10562886?
5
What is the thousands digit of 662580?
2
What is the units digit of 435975?
5
What is the thousands digit of 4229500?
9
What is the tens digit of 74575?
7
What is the millions digit of 4660610?
4
What is the units digit of 1051391?
1
What is the tens digit of 1641005?
0
What is the units digit of 3245593?
3
What is the tens digit of 9256681?
8
What is the millions digit of 17601120?
7
What is the thousands digit of 1579145?
9
What is the ten thousands digit of 80863?
8
What is the tens digit of 424401?
0
What is the millions digit of 2174223?
2
What is the units digit of 12274345?
5
What is the tens digit of 10455311?
1
What is the thousands digit of 200746?
0
What is the ten thousands digit of 156100?
5
What is the tens digit of 799685?
8
What is the hundred thousands digit of 1012838?
0
What is the tens digit of 4301881?
8
What is the hundreds digit of 601814?
8
What is the hundreds digit of 657079?
0
What is the hundreds digit of 4770843?
8
What is the hundred thousands digit of 3671674?
6
What is the tens digit of 19164394?
9
What is the hundred thousands digit of 356006?
3
What is the hundred thousands digit of 3824099?
8
What is the tens digit of 245913?
1
What is the tens digit of 2371393?
9
What is the hundreds digit of 1668943?
9
What is the tens digit of 403874?
7
What is the hundred thousands digit of 8970461?
9
What is the thousands digit of 594360?
4
What is the hundred thousands digit of 26021365?
0
What is the millions digit of 4448180?
4
What is the thousands digit of 174851?
4
What is the units digit of 2917072?
2
What is the millions digit of 1